v(t) = -34*t - 21. Determine v(-5).
149
Let f(s) = 2*s**3 - 122*s**2 + 4*s - 10. Calculate f(0).
-10
Let x(w) = w**2 + 101*w - 93. Calculate x(-102).
9
Let v(y) = -2*y**2 + 970*y + 970. Give v(-1).
-2
Let r(v) = -2*v**3 - 100*v**2 - 103*v - 245. What is r(-49)?
0
Let n(f) = 195*f**3 - 1754*f**2 - 2*f - 56. What is n(9)?
7
Let z(d) = -42*d + 417. Determine z(12).
-87
Let p(w) = -5030*w - 100593. Determine p(-20).
7
Let y(d) = d**3 - 24*d**2 + 21*d - 146. What is y(23)?
-192
Let q(f) = -f**3 - 25*f**2 - 19*f + 99. What is q(-24)?
-21
Let z(n) = -12*n + 137. Determine z(9).
29
Let r(c) = c**2 - 46*c - 119. Calculate r(48).
-23
Let f(c) = c + 163. Give f(17).
180
Let v(c) = -c**3 + 35*c**2 + 15*c - 1691. What is v(34)?
-25
Let t(s) = -s**3 - 70*s**2 + 5*s + 250. Determine t(-70).
-100
Let l(p) = p**2 - 24*p - 135. Give l(31).
82
Let k(h) = 7*h**3 + 4*h**2 - 911*h - 914. Calculate k(-1).
-6
Let q(i) = -9416*i + 141242. Determine q(15).
2
Let d(s) = s**2 - 34*s + 272. Give d(14).
-8
Let u(o) = 4*o**3 - 64*o**2 + 2*o - 30. Calculate u(16).
2
Let w(s) = -26*s + 435. Determine w(19).
-59
Let d(t) = t**3 - 5*t**2 + 36. Give d(4).
20
Let b(h) = -13*h + 699. Calculate b(51).
36
Let p(k) = -k**3 - 4*k**2 + 23*k - 24. What is p(-8)?
48
Let b(f) = -68*f - 1144. Determine b(-17).
12
Let t(r) = r**2 + 54*r + 359. Calculate t(-46).
-9
Let o(n) = -n**3 - 70*n**2 - 963*n + 114. Give o(-19).
0
Let s(k) = k**2 - 41*k + 47. Give s(41).
47
Let p(q) = q**3 - 320*q**2 - 10503*q - 101. Determine p(-30).
-11
Let n(p) = -p**3 + 12*p**2 - 22*p - 16. Determine n(4).
24
Let c(a) = 447*a - 17434. Give c(39).
-1
Let w(d) = -18*d + 433. Determine w(16).
145
Let f(x) = 21*x - 18. Give f(-3).
-81
Let c(y) = 3*y**2 - 49*y + 422. Give c(15).
362
Let u(z) = 56*z + 13. What is u(-2)?
-99
Let t(c) = 9*c**3 - 2*c**2 - 5. Calculate t(-3).
-266
Let l(k) = 5*k**3 - 9*k**2 + 5*k + 1. Determine l(2).
15
Let o(q) = -29*q + 535. What is o(21)?
-74
Let c(s) = 2*s**2 - 125*s - 631. Determine c(-5).
44
Let x(w) = -w**3 - 6*w**2 + 2*w + 68. What is x(-10)?
448
Let j(z) = -z**3 - 65*z**2 - 61*z + 212. Determine j(-64).
20
Let j(r) = 1970*r - 5728. Give j(3).
182
Let w(s) = 41*s**2 - 102*s - 255. Determine w(4).
-7
Let q(l) = l**2 + 7*l - 157. Give q(-16).
-13
Let y(d) = -d**2 - 611*d + 12004. What is y(19)?
34
Let a(g) = g**2 + 98*g + 369. Determine a(-94).
-7
Let h(o) = o**3 + 11*o**2 - 80*o - 128. What is h(-14)?
404
Let n(p) = 137*p - 1254. Calculate n(9).
-21
Let i(u) = 5085*u**2 - 25426*u - 5. What is i(5)?
-10
Let k(y) = -1112*y - 65605. Determine k(-59).
3
Let u(h) = 3*h**2 - 1328*h - 6718. Give u(-5).
-3
Let d(f) = 1191*f - 4767. Calculate d(4).
-3
Let m(u) = 3*u**3 + 59*u**2 - 19*u + 75. Calculate m(-20).
55
Let t(c) = 7*c**2 - 6*c - 6. What is t(0)?
-6
Let a(r) = r**3 - 26*r**2 + 91*r - 2375. Determine a(26).
-9
Let s(t) = -70*t - 707. What is s(-10)?
-7
Let q(m) = -m**2 - 47*m + 2307. Give q(30).
-3
Let y(w) = w**2 + 17*w + 26. Determine y(-15).
-4
Let a(y) = -60*y - 1011. Determine a(-25).
489
Let m(y) = -y**2 - 59*y + 1579. Give m(20).
-1
Let u(b) = 717*b - 2880. Determine u(4).
-12
Let l(i) = -7*i**3 - 104*i**2 - 89*i - 64. What is l(-14)?
6
Let n(d) = -163*d + 169. Give n(1).
6
Let x(r) = -8*r**2 + 853*r + 5761. What is x(113)?
-2
Let h(p) = 21*p - 2325. What is h(110)?
-15
Let o(p) = -78*p**2 + 442*p + 15. Calculate o(6).
-141
Let f(x) = x**3 + 12*x**2 - 36*x - 267. Calculate f(-14).
-155
Let u(p) = -6*p**3 - 350*p**2 - 119*p - 179. Give u(-58).
-5
Let n(i) = i**3 - 26*i**2 + 78*i - 199. Determine n(23).
8
Let x(r) = -3*r**2 - 721*r + 4337. Determine x(6).
-97
Let c(g) = -86*g - 2682. Determine c(-32).
70
Let g(b) = b**3 - 64*b**2 + 1015*b + 12. Determine g(35).
12
Let o(l) = 140*l - 26314. What is o(188)?
6
Let s(r) = r**3 + 30*r**2 - 298*r + 154. Give s(-38).
-74
Let i(s) = -10*s**2 + 243*s - 66. Give i(24).
6
Let z(b) = -34*b**2 - 2788*b - 28. What is z(-82)?
-28
Let s(l) = -46*l - 875. Give s(-40).
965
Let k(o) = -4*o + 21. Give k(-3).
33
Let k(l) = 2*l**3 - 86*l**2 - 102*l + 616. Determine k(44).
0
Let h(s) = -s**2 - 307*s + 1567. What is h(5)?
7
Let w(q) = 26*q**3 + 8*q**2 - 14*q - 24. What is w(-1)?
-28
Let x(b) = 53*b - 3221. Calculate x(61).
12
Let k(u) = -3*u**2 - 61*u + 83. What is k(-25)?
-267
Let s(c) = 3*c**3 - 4*c**2 - 196*c - 585. What is s(-3)?
-114
Let l(k) = -k**3 - 21*k**2 - 108*k - 21. Determine l(-9).
-21
Let z(l) = 3*l**2 - 145*l - 32. Calculate z(49).
66
Let s(b) = -3*b**2 + 155*b + 297. Give s(52).
245
Let y(m) = m**3 - 25*m**2 - 92. Calculate y(25).
-92
Let o(w) = 10*w - 27. Give o(1).
-17
Let g(u) = 35786*u + 178928. Determine g(-5).
-2
Let z(y) = -66*y - 157. Give z(-4).
107
Let g(a) = -63*a - 36. What is g(-1)?
27
Let k(b) = -9*b**3 - 3*b**2 + 2*b - 22. Calculate k(-3).
188
Let f(x) = 4*x**3 - 94*x**2 + 129*x + 58. Calculate f(22).
-8
Let w(k) = 2*k**2 - 7*k + 76. Calculate w(6).
106
Let h(r) = -2*r**3 + 61*r**2 - 280*r + 133. What is h(25)?
8
Let f(s) = s**2 + 106*s + 1967. What is f(-82)?
-1
Let z(o) = 284*o + 564. What is z(-4)?
-572
Let s(u) = 2*u**3 + 43*u**2 + 61*u - 54. Give s(-20).
-74
Let u(p) = 8*p**2 - 324*p + 3. Determine u(39).
-465
Let i(w) = -586*w - 1181. Give i(-2).
-9
Let o(q) = 64*q - 349. What is o(-2)?
-477
Let z(q) = 2*q**2 - 23*q + 2. What is z(14)?
72
Let f(j) = -9*j**2 - 169*j + 72. Calculate f(-19).
34
Let i(o) = 3*o**3 - 12*o**2 + 17*o - 17. What is i(8)?
887
Let x(k) = 2009*k - 2011. Calculate x(1).
-2
Let b(d) = 510*d - 49979. Determine b(98).
1
Let m(h) = 51*h**3 + 407*h**2 + 28*h + 293. Give m(-8).
5
Let n(b) = -51*b - 199. Calculate n(0).
-199
Let q(i) = -145*i - 8712. What is q(-60)?
-12
Let f(b) = -2*b**2 + 73*b + 91. What is f(38)?
-23
Let w(m) = -221*m - 607. Give w(-3).
56
Let q(b) = -6*b**2 + 4675*b + 14040. Give q(-3).
-39
Let z(x) = -x**3 - 16*x**2 - 6*x - 37. What is z(-16)?
59
Let w(c) = -c**3 - 16*c**2 + 110*c - 12. What is w(5)?
13
Let n(w) = w**3 - 58*w**2 - 60*w + 43. Give n(59).
-16
Let d(o) = o**3 + 71*o**2 - 67*o + 358. What is d(-72)?
-2
Let o(h) = 3*h**2 - 22*h - 1. Calculate o(8).
15
Let l(t) = -2*t**2 + 319*t - 1255. Give l(4).
-11
Let m(u) = -7*u**3 - u**2 - 6*u - 11. What is m(-2)?
53
Let s(m) = 2*m**3 + 38*m**2 + 137*m - 12. What is s(-5)?
3
Let s(m) = 2*m**2 - 4*m - 291. Determine s(11).
-93
Let n(j) = 16*j + 374. Determine n(-41).
-282
Let x(u) = -351*u - 2598. Determine x(-7).
-141
Let j(r) = 2*r**3 - 13*r**2 + 14*r - 45. What is j(6)?
3
Let z(r) = 2*r**3 - 5*r**2 - 62*r + 201. What is z(4)?
1
Let a(c) = -2*c**2 - 109*c + 163. What is a(-56)?
-5
Let q(o) = o**3 + 28*o**2 + 75*o + 58. Calculate q(-25).
58
Let x(t) = 7*t**2 - 179*t - 364. Give x(-2).
22
Let b(s) = -2*s**3 + 51*s**2 - 6*s + 839. Give b(26).
7
Let t(k) = -k**3 + 34*k**2 - 94*k + 959. Calculate t(32).
-1
Let q(y) = y**3 - 15*y**2 + 29*y + 9. Determine q(14).
219
Let l(j) = -3551*j - 10667. What is l(-3)?
-14
Let w(p) = -p**3 - 30*p**2 + 3*p + 97. What is w(-30)?
7
Let r(p) = -p**3 - 12*p**2 - 9*p - 6. What is r(-11)?
-28
Let s(d) = 11082*d + 55414. Give s(-5).
4
Let n(l) = l**3 - 14*l**2 + 14*l + 157. Determine n(13).
170
Let r(o) = o**3 - 9*o**2 - 37*o - 83. Determine r(7).
-440
Let w(d) = -d**3 - 44*d**2 + 33*d + 1449. What is w(-44)?
-3
Let g(u) = -u**2 + 9*u + 2166. Determine g(52).
-70
Let r(h) = h**2 + 30*h - 119. Give r(-37).
140
Let d(o) = -o**3 - 4*o**2 + o + 6. What is d(-3)?
-6
Let d(n) = 100*n + 12466. Calculate d(-124).
66
Let o(d) = 18*d**2 - 394*d - 27. Determine o(22).
17
Let x(v) = -183*v - 13365. Determine x(-73).
-6
Let o(z) = -11*z + 62. Determine o(4).
18
Let o(l) = 33*l + 519. Give o(-16).
-9
Let m(s) = 2*s**2 - 4*s - 39. Give m(-5).
31
Let a(o) = 13*o**2 - 46*o + 1. Give a(4).
25
Let j(m) = -2*m**3 + 2*m**2 - 96*m - 205. Determine j(-2).
11
Let v(k) = -16*k**2 - 1533*k - 2731. Give v(-94).
-5
Let h(z) = -201*z - 60107. Give h(-299).
-8
Let o(j) = j**3 + 4*j**2 - 92*j + 168. Determine o(2).
8
Let a(f) = -f**3 + 9*f**2 + 8*f - 14. What is a(5)?
126
Let k(w) = -51*w + 5327. What is k(109)?
-232
Let g(z) = -811*z + 12970. Determine g(16).
-6
Let a(m) = -19*m - 76. Give a(-8).
76
Let z(t) = -90*t**2 + 6*t - 6. Determine z(1).
-90
Let m(g) = g**3 + 6*g**2 + 4*g - 7. What is m(5)?
288
Let i(b) = 984*b - 22632. Ca